 269
Let n(c) = -c**3 + 3*c**2 + 4*c + 3. Let b be n(4). Suppose b*y + y - 8 = -5*p, 3*p - 3 = -3*y. Suppose -p*u + 86 = -126. List the prime factors of u.
53
Suppose 0 = -2*w + 5*u - 5, 0 = 5*w + 5*u - 3*u + 85. Let s = w + 55. List the prime factors of s.
2, 5
Let p(u) = -707*u**3 - 2*u**2 - 3*u - 1. What are the prime factors of p(-1)?
7, 101
Let c(k) = k**3 + 9*k**2 + 13*k - 11. Let h be c(-6). Let j be (-2 - 1) + (1 - 2). Let m = j + h. List the prime factors of m.
3, 5
Suppose 2*k = 4*w - 50 - 518, 0 = -5*w - 3*k + 688. List the prime factors of w.
2, 5, 7
Suppose y + 4*o = 3556, 3*y + 15*o - 19*o - 10620 = 0. List the prime factors of y.
2, 443
Suppose 0 = 5*w - 3*k - 2325, 392 = -2*w + 5*k + 1322. List the prime factors of w.
3, 5, 31
Let t(l) = 98*l + 32. List the prime factors of t(13).
2, 653
Suppose 4*c - 3*c + 22 = 0. Let m = c - -53. Let l = 41 - m. What are the prime factors of l?
2, 5
Suppose 48*n - 16562 + 4370 = 0. What are the prime factors of n?
2, 127
Suppose 2*a = -5*h - 1 - 11, 0 = 2*a + 4*h + 8. Let r be (-3 - -23)*3/a. Suppose -3*c + r + 0 = 0. What are the prime factors of c?
5
Suppose -3*t - 82 = 74. Let c = t - -182. Suppose -2*w + 0*w - 2*f = -80, -3*w - 5*f + c = 0. List the prime factors of w.
5, 7
Suppose -21*g + 2 = -22*g. Let r = -8 - -11. What are the prime factors of (g + 3/r)*-19?
19
Suppose 5*z - 5*p = -815, 0*p + 495 = -3*z + p. Let n = -93 - z. What are the prime factors of n?
73
Let i be (-6)/3*(-9)/6. Suppose 5*j + i*t - 30 = j, -2 = -t. Let u(k) = -k**3 + 7*k**2 + 3*k - 6. What are the prime factors of u(j)?
2, 3
Let d = 278 + -126. Let y = -65 + d. What are the prime factors of y?
3, 29
Let c(v) = v**3 - 3*v**2 + 7. Let w be c(5). Let l = -29 + w. Suppose -a + 42 = 4*o, -a = -2*o - 5*a + l. List the prime factors of o.
2, 5
Let d be (-2)/((-10)/(-15)*-3). Let t = d + 121. What are the prime factors of t?
2, 61
Let m be (-60)/50*20/6. What are the prime factors of ((-1)/m)/((-14)/(-3976))?
71
Let d be (-21 + -3)*(-2)/(-4). Let u = -9 - d. Suppose -u*t - 14 = -47. What are the prime factors of t?
11
Let z = 11 - 7. Let d(a) = 20 + 3*a - 4*a + z*a - 4*a. List the prime factors of d(0).
2, 5
Let f(c) = -c**3 + 20*c**2 - 21*c + 20. Let r be f(19). List the prime factors of ((-1)/(-6))/((-2)/r)*122.
3, 61
Let t(z) be the second derivative of -z**3/6 + 9*z**2/2 - z. Let a = 621 - 617. List the prime factors of t(a).
5
Suppose -4*f + 170 = 5*h - 36, 0 = -5*f + 4*h + 237. Let i = 132 - f. What are the prime factors of (-6)/27 + i/9?
3
Let l = 2 - -7. What are the prime factors of (192/l + 1)/((-1)/(-3))?
67
Suppose 10*f = 12*f - 94. Let m = f + 117. What are the prime factors of m?
2, 41
Suppose u + 10 = 3*m, 2*m + u = -3*m + 14. Suppose 0 = 4*x - m*x + 26. What are the prime factors of 84/39 + 4/x?
2
Suppose 3*h + 418 = z, -4*z = 2*h - 0*z + 288. Let b = h - -244. List the prime factors of b.
2, 13
Let l(k) = -399*k - 33. What are the prime factors of l(-2)?
3, 5, 17
Let s = -64 + 70. List the prime factors of s.
2, 3
Suppose 4*h + 7 - 27 = 4*o, -h + 5 = -3*o. Let b = h + 29. List the prime factors of b.
2, 17
Let n(x) = -11*x**3 - 10*x**2 + x - 2. Let i(z) = 10*z**3 + 9*z**2 - z + 1. Let u(m) = -6*i(m) - 5*n(m). List the prime factors of u(-4).
2
What are the prime factors of ((-1650)/(-225))/((-2)/(-453))?
11, 151
Suppose 0 = 3*q - 9*q. Suppose q = 4*c - 3*r + 286, 0*c - r = 5*c + 367. Let m = -43 - c. What are the prime factors of m?
2, 3, 5
Let p(b) be the third derivative of -b**6/120 - b**5/6 - 7*b**4/12 - 4*b**3/3 - 10*b**2. List the prime factors of p(-10).
2, 3, 11
Let w(p) be the first derivative of 2*p**5/3 + p**3/6 + 7*p**2/2 + 2. Let x(f) be the second derivative of w(f). What are the prime factors of x(-1)?
41
List the prime factors of 68/16 + 3/(-12) - -151.
5, 31
Let x(t) = 18*t**2 + 7*t - 11. What are the prime factors of x(2)?
3, 5
Let z = -242 - -735. Let u = z + -342. What are the prime factors of u?
151
Suppose -2*x = -x - 25. Suppose -x = -6*w + w. Suppose 34 = w*k - 21. List the prime factors of k.
11
Suppose 3*u = -4*z - 8, -u - 16 = -4*z + 2*u. Let s(t) = 6 - 3 + t - z. What are the prime factors of s(12)?
2, 7
Let z(t) be the second derivative of t**5/20 + 7*t**4/12 - 5*t**3/6 + 4*t**2 - 11*t. What are the prime factors of z(-7)?
43
Suppose 133*z = 134*z - 458. List the prime factors of z.
2, 229
List the prime factors of (-4)/(-26) - 148/52*-144.
2, 5, 41
What are the prime factors of (1045/15 - 3)/((-1)/(-12))?
2, 5
Let k(c) = -c**2 + 10*c - 10. Let a(v) = -3*v - 18. Let i be a(-6). Suppose i*w - 5*n + 20 = 5*w, 5*w - 4*n - 47 = 0. What are the prime factors of k(w)?
11
Let h(t) = 178*t + 226. What are the prime factors of h(6)?
2, 647
Let c(g) = -77*g + 6. List the prime factors of c(-11).
853
Suppose 238 - 66 = -2*v. Let l = 107 + v. What are the prime factors of l?
3, 7
Suppose -3*v = -5*a - 29, -2*v + 6*a + 22 = 2*a. Suppose v*j = 129 + 3. What are the prime factors of j?
2, 11
Let c(o) = 3*o**2 - 25*o - 99. List the prime factors of c(28).
1553
List the prime factors of (-50175)/(-135) - 2/3.
7, 53
Suppose 4*t = t. Suppose 9*f - 4*f - 290 = t. List the prime factors of f.
2, 29
Let o = 46 - 43. Suppose -20 = -6*s + s, 4*m + o*s - 92 = 0. What are the prime factors of m?
2, 5
Let l(z) = -83*z - 42. List the prime factors of l(-7).
7, 11
What are the prime factors of (-11557)/(-254)*(-36)/(-2)?
3, 7, 13
Let h(o) = -7*o**3 - 8*o**2 + 4*o + 8. Let u(j) = -j**3 - j**2 + 1. Let s(n) = h(n) - 6*u(n). Let p be s(-3). What are the prime factors of (p*4)/(8/(-4))?
2
Suppose 6*c - 1633 = 479. Suppose 7*a - 9*a = -c. What are the prime factors of a?
2, 11
Let v(w) = -w**3 + 7*w**2 - 6*w + 22. Let u be v(9). Let a = -116 - u. List the prime factors of a.
2, 3, 13
Let m = 36 - 14. Let y = m + -17. Suppose 0 = y*d + 8 - 33. What are the prime factors of d?
5
Let j(y) = 18*y**2 - 16*y + 82. What are the prime factors of j(16)?
2, 3, 739
Suppose 48*l = 8*l + 54800. What are the prime factors of l?
2, 5, 137
Suppose -7*c + 2*c = -1575. Suppose -a + c = 4*a. Let b = a - 24. List the prime factors of b.
3, 13
Let p(k) be the second derivative of k**4/12 + k**3 + k**2 + 8*k. Let y be p(-8). Suppose -y - 23 = -l. What are the prime factors of l?
41
Let w be 2 + 6/(-5 - -2). Suppose w*m + 165 = 5*m - 4*z, 4*z = -2*m + 38. List the prime factors of m.
29
Let r be ((-15)/(-6) + -3)*286. Let t = -90 - r. List the prime factors of t.
53
Suppose 5*l = -20, -21 = -2*w - 5*l + 1. Let v be 2180/35 + (-6)/w. Let i = v - 44. List the prime factors of i.
2, 3
List the prime factors of (-1236 + -1)*20/(-20).
1237
Suppose -g = -4*a + 172, -2*a - 4*g + 57 = -11. Let d = 87 - a. What are the prime factors of d?
3, 5
Let x(i) = -i**3 - 6*i**2 + 7*i + 3. Let w be (-11 + 8)*7/3. Let y be x(w). Suppose 0*l + 16 = 2*l + 5*a, -24 = -y*l - 5*a. List the prime factors of l.
2
Suppose -3*s = 2*h - 2*s - 107, 0 = 2*s + 6. Let f = h + 36. What are the prime factors of f?
7, 13
Let w = -66 - -71. List the prime factors of w/((-10)/(-4)) + 62.
2
Let q(y) = -1140*y. Let k be q(-1). Suppose -340 = 4*g - k. List the prime factors of g.
2, 5
Suppose 7783 + 26405 = 14*z. List the prime factors of z.
2, 3, 11, 37
Suppose 17*x = 26585 - 422. List the prime factors of x.
3, 19
Let p = -15 - 0. Suppose -105 = 4*b - b. Let w = p - b. What are the prime factors of w?
2, 5
Suppose 4*k - 766 = -h, -3*h + 7 = 1. Suppose k - 51 = 4*u. What are the prime factors of u?
5, 7
Let m(j) = j**3 - 37*j**2 - 11*j - 53. What are the prime factors of m(38)?
7, 139
Let w(b) = b**3 - 22*b**2 + 6*b - 3. List the prime factors of w(23).
2, 83
Let g be -7 + (1 + 0 - -2). Let c = g - -9. List the prime factors of 29 + (4 - 2 - c).
2, 13
Let g = 90 - 88. Suppose -2*k + 772 = g*k + a, -2*k - 5*a + 368 = 0. List the prime factors of k.
2, 97
Let y(n) = 3*n**3 + n**2 - 18*n + 4. List the prime factors of y(7).
2, 239
Let w(q) = q**2 - 7*q - 5. Let m(i) = -3*i - 10. Let x be m(-6). Let b be w(x). What are the prime factors of (-138)/3*b/(-6)?
23
Let f(x) = 21*x + 14. What are the prime factors of f(12)?
2, 7, 19
Let n be -1 + 14/4 + 12/8. Suppose -2*l + 0*l + 179 = 3*v, l = n*v + 62. What are the prime factors of l?
2, 41
Let k(g) = 226*g + 35. List the pri